10
17
-3 (base 6) to base 3
-10
What is -1 (base 4) in base 6?
-1
What is 2 (base 4) in base 14?
2
Convert 31 (base 15) to base 5.
141
-a (base 16) to base 6
-14
What is 121 (base 5) in base 6?
100
What is -52 (base 8) in base 11?
-39
What is 12d (base 14) in base 11?
1a6
-6 (base 14) to base 4
-12
13 (base 11) to base 5
24
Convert 10111 (base 2) to base 13.
1a
-56 (base 8) to base 11
-42
Convert 0 (base 11) to base 8.
0
56 (base 7) to base 4
221
-6 (base 10) to base 4
-12
-19 (base 10) to base 7
-25
Convert -5 (base 13) to base 11.
-5
-d4 (base 14) to base 5
-1221
What is 331 (base 4) in base 7?
115
Convert -100000 (base 3) to base 10.
-243
Convert -2 (base 15) to base 12.
-2
0 (base 5) to base 12
0
Convert -5 (base 14) to base 10.
-5
What is -52 (base 16) in base 11?
-75
0 (base 15) to base 13
0
What is -1 (base 4) in base 7?
-1
Convert 362 (base 7) to base 2.
10111111
Convert -10 (base 12) to base 9.
-13
-1 (base 9) to base 14
-1
What is 9 (base 12) in base 10?
9
What is -1154 (base 7) in base 2?
-110101111
What is 55 (base 14) in base 13?
5a
-3 (base 8) to base 11
-3
What is -3 (base 15) in base 3?
-10
Convert 12 (base 4) to base 3.
20
Convert -53 (base 9) to base 5.
-143
11 (base 5) to base 8
6
4 (base 5) to base 7
4
Convert -3 (base 5) to base 12.
-3
42 (base 5) to base 14
18
-35 (base 10) to base 2
-100011
35 (base 10) to base 13
29
Convert -4 (base 11) to base 8.
-4
Convert -8 (base 15) to base 14.
-8
What is 120 (base 12) in base 7?
330
Convert 2 (base 14) to base 10.
2
3 (base 11) to base 5
3
Convert b1 (base 12) to base 7.
250
-6 (base 7) to base 11
-6
Convert -11 (base 16) to base 5.
-32
What is -5 (base 7) in base 15?
-5
-161 (base 8) to base 15
-78
What is -14 (base 14) in base 2?
-10010
Convert -1011 (base 2) to base 8.
-13
What is 1 (base 14) in base 6?
1
Convert 1 (base 8) to base 9.
1
19 (base 15) to base 6
40
161 (base 8) to base 15
78
What is 11 (base 3) in base 15?
4
What is -35 (base 8) in base 11?
-27
What is d (base 16) in base 15?
d
Convert 1 (base 5) to base 16.
1
Convert 7 (base 10) to base 11.
7
What is 2 (base 15) in base 4?
2
Convert 1 (base 3) to base 8.
1
What is 1 (base 12) in base 14?
1
Convert 1 (base 4) to base 10.
1
Convert -2 (base 9) to base 13.
-2
Convert 2 (base 5) to base 9.
2
What is -3 (base 12) in base 10?
-3
-19 (base 14) to base 12
-1b
-2c (base 13) to base 14
-2a
What is -1011 (base 2) in base 16?
-b
Convert -122 (base 11) to base 2.
-10010001
What is 141 (base 9) in base 4?
1312
What is 10 (base 4) in base 2?
100
What is -24 (base 13) in base 9?
-33
What is 2 (base 3) in base 16?
2
21 (base 4) to base 13
9
What is 9 (base 10) in base 13?
9
What is 206 (base 7) in base 13?
80
2 (base 14) to base 3
2
Convert -14 (base 7) to base 2.
-1011
Convert 15 (base 10) to base 2.
1111
What is 1101 (base 2) in base 11?
12
What is -2b (base 15) in base 14?
-2d
19a (base 15) to base 13
226
What is 1b (base 12) in base 16?
17
Convert -621 (base 7) to base 8.
-465
What is 0 (base 2) in base 4?
0
3 (base 8) to base 2
11
What is 0 (base 15) in base 11?
0
246 (base 7) to base 6
340
-2 (base 8) to base 13
-2
What is 453 (base 6) in base 14?
c9
What is 124 (base 9) in base 12?
87
What is 52 (base 8) in base 3?
1120
Convert 13 (base 4) to base 16.
7
What is 0 (base 2) in base 16?
0
What is 110 (base 7) in base 9?
62
What is -2 (base 8) in base 15?
-2
-3 (base 8) to base 13
-3
What is -40 (base 6) in base 4?
-120
Convert -10 (base 4) to base 12.
-4
What is 10 (base 3) in base 9?
3
-222 (base 3) to base 15
-1b
What is -202 (base 12) in base 7?
-563
-17 (base 16) to base 14
-19
What is 0 (base 16) in base 8?
0
-1223 (base 4) to base 6
-255
2200 (base 3) to base 10
72
What is 17a (base 11) in base 12?
154
-1100100 (base 2) to base 15
-6a
What is -a (base 11) in base 6?
-14
Convert 174 (base 8) to base 3.
11121
What is -11 (base 9) in base 12?
-a
What is -256 (base 8) in base 11?
-149
What is -5 (base 8) in base 2?
-101
Convert 11 (base 15) to base 9.
17
bb (base 15) to base 8
260
15 (base 8) to base 10
13
3 (base 14) to base 15
3
Convert -17 (base 9) to base 10.
-16
-12 (base 8) to base 2
-1010
What is -8 (base 11) in base 6?
-12
Convert -111 (base 6) to base 15.
-2d
What is 14 (base 10) in base 5?
24
Convert -111000 (base 3) to base 2.
-101011111
-5 (base 11) to base 12
-5
4 (base 13) to base 6
4
Convert 8 (base 14) to base 8.
10
-21 (base 12) to base 9
-27
Convert -4 (base 12) to base 5.
-4
-1 (base 12) to base 13
-1
What is 10000 (base 2) in base 14?
12
What is 0 (base 3) in base 5?
0
What is 2 (base 5) in base 8?
2
-210 (base 3) to base 4
-111
Convert -3 (base 9) to base 4.
-3
Convert -13 (base 15) to base 7.
-24
Convert 7 (base 11) to base 2.
111
What is 0 (base 9) in base 13?
0
What is -1 (base 14) in base 3?
-1
3 (base 12) to base 14
3
Convert -22 (base 14) to base 7.
-42
-11 (base 3) to base 15
-4
What is 87 (base 11) in base 10?
95
What is -74 (base 8) in base 4?
-330
What is -52 (base 13) in base 8?
-103
What is 211 (base 5) in base 14?
40
What is 33 (base 7) in base 12?
20
-a (base 11) to base 16
-a
Convert -11 (base 9) to base 12.
-a
What is -101 (base 2) in base 16?
-5
Convert -18 (base 16) to base 4.
-120
What is 1102 (base 3) in base 7?
53
13 (base 4) to base 15
7
What is 2 (base 13) in base 3?
2
-11111 (base 3) to base 4
-1321
What is 1011111 (base 2) in base 7?
164
Convert -146 (base 8) to base 2.
-1100110
-12 (base 11) to base 12
-11
Convert 11210 (base 3) to base 16.
81
Convert 4 (base 7) to base 2.
100
3 (base 11) to base 12
3
Convert -102100 (base 3) to base 10.
-306
What is 5 (base 12) in base 10?
5
What is 122 (base 3) in base 4?
101
0 (base 14) to base 8
0
4 (base 7) to base 13
4
6 (base 16) to base 14
6
What is 1 (base 10) in base 11?
1
What is -c4 (base 15) in base 7?
-352
Convert 20 (base 7) to base 3.
112
What is -331 (base 5) in base 8?
-133
-4 (base 6) to base 13
-4
What is -41 (base 13) in base 14?
-3b
What is 1 (base 11) in base 16?
1
20 (base 3) to base 15
6
-364 (base 7) to base 15
-cd
Convert 13 (base 10) to base 6.
21
Convert 0 (base 9) to base 15.
0
What is 316 (base 8) in base 16?
ce
What is -34 (base 5) in base 9?
-21
-1 (base 12) to base 16
-1
65 (base 7) to base 6
115
Convert 3 (base 12) to base 10.
3
What is 1 (base 7) in base 3?
1
Convert 33 (base 9) to base 16.
1e
Convert -3 (base 9) to base 4.
-3
Convert -5 (base 16) to base 3.
-12
-8 (base 13) to base 5
-13
What is 3 (base 5) in base 6?
3
What is 3030 (base 4) in base 5?
1304
40 (base 6) to base 8
30
What is -21 (base 12) in base 3?
-221
What is 51 (base 8) in base 6?
105
What is -b5 (base 14) in base 7?
-315
Convert 3 (base 4) to base 11.
3
Convert 10 (base 14) to base 3.
112
2 (base 13) to base 10
2
Convert -12 (base 7) to base 5.
-14
-12 (base 8) to base 3
-101
5 (base 8) to base 2
101
Convert -14 (base 12) to base 4.
-100
Convert 6 (base 16) to base 14.
6
Convert 4 (base 7) to base 6.
4
What is -145 (base 12) in base 14?
-101
Convert -84 (base 12) to base 6.
-244
What is 11 (base 6) in base 11?
7
What is 6 (base 13) in base 6?
10
2 (base 6) to base 3
2
-b8 (base 14) to base 5
-1122
What is 47 (base 8) in base 11?
36
Convert -2 (base 9) to base 8.
-2
Convert 59 (base 10) to base 5.
214
Convert -121 (base 3) to base 2.
-10000
2 (base 13) to base 8
2
-2 (base 8) to base 9
-2
0 (base 13) to base 2
0
Convert 1021 (base 3) to base 7.
46
1303 (base 4) to base 2
1110011
Convert -32 (base 13) to base 11.
-38
What is cb (base 15) in base 5?
1231
What is 14 (base 14) in base 4?
102
What is 11 (base 3) in base 10?
4
What is -2 (base 11) in base 12?
-2
-35 (base 9) to base 16
-20
Convert 7 (base 13) to base 8.
7
What is -64 (base 12) in base 10?
-76
What is -1 (base 9) in base 15?
-1
15b (base 12) to base 2
11010111
What is -1b (base 13) in base 12?
-20
What is 17 (base 15) in base 16?
16
Convert -85 (base 10) to base 16.
-55
7 (base 14) to base 12
7
What is -1122 (base 3) in base 14?
-32
Convert -b (base 15) to base 12.
-b
Convert 78 (base 13) to base 12.
83
Convert 2a (base 16) to base 4.
222
-231 (base 4) to base 15
-30
12 (base 7) to base 2
1001
Convert -7a (base 12) to base 11.
-86
What is 100010 (base 3) in base 12?
186
-413 (base 8) to base 5
-2032
What is 221 (base 5) in base 12?
51
What is 7 (base 14) in base 11?
7
What is